ts digit of l?
1
Let b = 7 - 7. Suppose -3*c + 24 = -b*c. What is the units digit of c?
8
Suppose -z - 18 + 71 = 0. What is the units digit of z?
3
Suppose -2*u = -4, -3*w - 2 = -2*w - 3*u. Suppose -10 = 2*p, 3*p + 5 = -w*i - 2. What is the units digit of i/4 - 51/(-6)?
9
Suppose 7 = 2*k - 3. Suppose 0 = i - k*i + 4. Suppose -u + 5*d = 2 + i, -1 = u - 3*d. What is the units digit of u?
2
Suppose 0 = -7*k + 4*k. Let q = k + 3. What is the units digit of q?
3
Suppose -17*c + 10*c = -105. What is the tens digit of c?
1
Let d(u) be the third derivative of u**5/60 - u**4/24 + u**3/6 - 3*u**2. Let b be d(2). Suppose 2*y - 5 = b*c, y - 4*c = -0 + 5. What is the units digit of y?
1
Suppose 6*y + 17 = 2*z + y, 4*z = 3*y + 27. What is the units digit of z?
6
Suppose -2*f + 3*h = -3, -4*f = -5*h - 10 - 1. Let p be ((-5)/(-2))/((-2)/(-12)). Suppose -p = -f*s + 4*s. What is the units digit of s?
3
Suppose g = 6*g - 4*h - 188, -4*h - 28 = -g. Suppose -4*c = 2 - 22. Suppose -g + c = -5*v. What is the units digit of v?
7
Suppose 2*a = 7*a - 55. Suppose 4*q = 16, 2 = -3*y + 4*q - a. What is the units digit of y?
1
Suppose -12*g = -11*g - 25. What is the units digit of g?
5
Let r(y) = 2*y**2 - 5*y - 3. Let j be r(6). What is the units digit of 1/(((-6)/j)/(-2))?
3
Let t(x) = -x**3 - 3*x**2 - 4*x + 7. Let o = -28 + 24. What is the tens digit of t(o)?
3
Let d = 110 - -22. What is the hundreds digit of d?
1
Let x = 218 - -31. What is the units digit of x?
9
Suppose 8 = 4*c - 16. Suppose 0*u = u - c. What is the units digit of u?
6
Let h = 5 - 7. What is the units digit of 1 - (-1 + 1*h)?
4
Suppose -2*f - 8 = -4*f. What is the units digit of (-18)/(-4 + f/2)?
9
Suppose -a = -0*a - 4. Suppose 3*r = 2*l + 115, a*r + 2*l = -l + 125. What is the units digit of (-130)/(-14) + (-10)/r?
9
Let i = -29 + 58. What is the tens digit of i?
2
Let x = -43 - -74. Suppose -q = -2*h + 19, -4*q - x = -5*h + 18. What is the units digit of h?
9
Let w(t) = 3*t**2 + t + 3. Let o(j) = -2*j**2 - 1. Let k(f) = 5*o(f) + 3*w(f). What is the units digit of k(3)?
4
Suppose -3*j + 12 + 15 = -5*u, 3*u + 17 = 2*j. Let x(r) = -6*r + 5. What is the units digit of x(u)?
3
Let c(k) = -k**3 + 12*k**2 + 17*k + 7. What is the units digit of c(13)?
9
Let v be (-8)/(-28) - (-12)/7. Suppose v*z - 6 = -z. Suppose z*m - a - 21 = -0*a, 4*m + 5*a - 7 = 0. What is the units digit of m?
8
Let u(g) = -g**3 - g**2 + g + 1. Let o be u(0). Let n(c) = c**2 + 5*c + 4. Let f be n(-2). What is the units digit of 6/o*(-1 - f)?
6
Suppose 0 = a + 3*a - 8. Suppose 5*n = a*n + 87. What is the tens digit of n?
2
What is the units digit of ((-1)/3)/((-5)/75)?
5
Let p = 16 - 10. Let u be (-29)/(-9) + p/(-27). Suppose 7 + 11 = u*o - 4*a, 17 = 4*o - 3*a. What is the units digit of o?
2
Let u be (-10)/(-4)*48/20. What is the units digit of (u/4)/((-6)/(-200))?
0
Let h(k) = k**2 + 6*k + 3. Let z(f) = -f**3 - 8*f**2 + 2*f + 10. Let n be z(-8). Let s be h(n). Suppose -s*y - y = -40. What is the units digit of y?
0
Let u(p) = -p**2 - 12*p + 18. Let c be u(-13). Suppose c*b + 10 = 105. What is the units digit of b?
9
Let p be (-2)/(0 - 1/2). Suppose 4*h + 4*c + p = 0, -3*h + 2*c + 2 + 0 = 0. Suppose r + h = 1. What is the units digit of r?
1
Let w be 2 - (18/(-3) - -3). Suppose 0*c = -5*c + w. What is the units digit of c?
1
Let q(s) = s**2 - s + 3. Let d be q(0). Suppose -d*v = -8*v + 65. What is the units digit of v?
3
Let h(c) = -c**3 - 2*c**2 + c - 1. Let x be h(-5). Suppose -x = -3*w - o, -4*o - 177 = -4*w - 69. What is the tens digit of w?
2
Suppose -13 = -n - 4*x + 59, -2*n + 4*x + 180 = 0. What is the tens digit of n?
8
What is the units digit of (-186)/(-4)*4/3?
2
What is the tens digit of 22*38/4 - (-4 + 5)?
0
Suppose -5*v + 5*r - 207 = -6*v, 5*r - 798 = -4*v. What is the hundreds digit of v?
1
Suppose -2 = 4*g + 18. Let l(q) = -q**3 - 3*q**2 + 7*q - 1. What is the units digit of l(g)?
4
Let w = -76 + 112. Let n be w + -3 + 2 + -1. Suppose 3*s - 4*o = n, 3*o - 10 = 2*s - 34. What is the units digit of s?
6
Suppose -u - 4 + 1 = 0. Let x be (2 + u)*0 + 0. Suppose p + 2 = x, 5*p + 28 = 2*a - 0*p. What is the units digit of a?
9
Suppose 4*g - 11 = -4*w + 5*w, 2*w - 18 = -2*g. Let k(q) = 0*q - q - q**3 + 6*q**2 - 10 - 4*q + 16. What is the units digit of k(w)?
6
Suppose 5*i - 2*a = 18, 4*a + 8 = -5*i + 2. Suppose -257 - 31 = -4*z. Suppose -i*g = 2*g - z. What is the tens digit of g?
1
Let d(u) = u**3 - u**2 + 1. Let y(q) = 6*q**3 - 4*q**2 + 2. Let o(v) = 4*d(v) - y(v). What is the tens digit of o(-2)?
1
Suppose 0 = 2*n + 2, -3*n - n + 1 = w. What is the units digit of w?
5
Let j be (-29)/(-9) + (-2)/9. What is the tens digit of 18 - -4 - j/1?
1
Let f(v) = -1 + 2*v + 2 + v + 3*v. What is the units digit of f(1)?
7
Suppose o + 5*y = 14, o - 5*y + 4 + 2 = 0. Suppose g + 102 = o*s + 3*g, 5*s = g + 138. What is the units digit of s?
7
Let x(s) = s**2 + 2*s - 8. Let r be x(-8). Suppose 0 = m + 5, -6*m + r = 5*q - m. What is the units digit of q?
3
Suppose -5*n + 4*n + 25 = 4*b, 2*n + 3*b - 70 = 0. What is the tens digit of n?
4
Suppose 5*d + 3*p = 3*d + 13, d - 11 = -3*p. Suppose -3*v + 32 = j, d*v + j = -4*j + 43. What is the units digit of v?
9
Let m(p) = -4*p + p + 7 + 0*p. What is the units digit of m(-3)?
6
Suppose -3*o + z - 4*z = -15, 0 = -z + 5. What is the units digit of (o - -2)*77/14?
1
Let w(h) = -h**3 - 8*h**2 - 10*h + 14. What is the units digit of w(-6)?
2
Let y = -14 - -15. What is the units digit of 33/((-2)/(-4) + y)?
2
Let n be (-31)/(-3) - 4/12. What is the tens digit of (5/n)/((-2)/(-44))?
1
Let y(q) = q + 7. Let k = 1 - 6. Let i be y(k). Suppose b = -5*m - 15, -b - i - 5 = 3*m. What is the units digit of b?
5
Let i be (-23)/(-7) + (-4)/14. What is the tens digit of 0/i - -1*14?
1
Let n be (-4)/(-3)*(-18)/(-12). Let c(i) = 15*i. What is the units digit of c(n)?
0
Let y = -7 - -6. Let h(p) = 4*p**3 - p**2 - 2*p - 1. Let q be h(y). What is the tens digit of (-58)/q + 1/2?
1
Let i(a) = a**2 + 6*a + 4. Let o be i(-6). Let g(x) = 6*x + 5. What is the units digit of g(o)?
9
Let c = -71 - -184. What is the hundreds digit of c?
1
Let w be (-1)/((-21)/9 + 2). Let l = 15 - w. What is the tens digit of l?
1
Let a = 47 + -14. What is the units digit of a?
3
Let o be 42/(-9)*(-15)/10. Suppose o*s - 4*s = 45. What is the units digit of s?
5
Let z(i) = i**3 + 4*i**2 + 5. Let q be z(-4). Suppose 5*b = q*l - 0*l + 30, 5*b = -5*l. What is the units digit of b?
3
Let v = 10 - 8. Suppose 3*i + 43 = 2*x - 0*x, -v*i = 6. What is the units digit of x?
7
Let x be (-15)/(-6) + (-1)/(-2). Let g = x - 1. Suppose 0 = 5*c - g*c - 21. What is the units digit of c?
7
Let h be ((-12)/(-9) + -3)*-3. Suppose -3*u = -4*u + 5*p - 8, -u - h*p + 12 = 0. Suppose -u*n = -26 + 2. What is the units digit of n?
2
Let a(k) = -k**3 + 11*k**2 - 9*k + 3. What is the units digit of a(10)?
3
Let a be 0 - 21/(-3)*-1. Let b be a/(-4) + 1/4. Suppose -5*f = 3*h - 22, 5*f - 4 = -b*h + 9. What is the units digit of h?
9
Let y(l) = -l**2 - 10*l. Let i be y(-8). Suppose i = 2*w - 8. Suppose u = -a - 1, 3*a + w = -5*u + 3. What is the units digit of a?
2
Suppose -2*a - 2*v + 208 = 0, -7*v + 529 = 5*a - 5*v. What is the tens digit of a?
0
Let b(n) = -21*n - 3. Let d be b(-2). Suppose y - 2*y + 2*i = -d, -3*y + 3*i = -111. What is the tens digit of y?
3
Suppose l = -4*w + 36, 5*l + 2*w = w + 161. Suppose -9*o + 7*o + l = 0. What is the tens digit of o?
1
Let l = 98 + -40. What is the tens digit of l?
5
Let q(k) be the first derivative of -k**3/3 - k**2/2 + 36*k - 6. What is the tens digit of q(0)?
3
Suppose -4*u + 12 = -0*u. Let k(n) = 2*n**2 - n + 2. What is the tens digit of k(u)?
1
What is the tens digit of ((-372)/(-48))/(1/4)?
3
Let u(z) = -z**2 - 10*z - 3. Suppose 0*v + 16 = -2*v. What is the units digit of u(v)?
3
Let i be (-30)/(-75) - 46/(-10). What is the tens digit of 1/i + 64/5?
1
Let y(l) = -l**2 - 8*l + 5. Let k be y(-4). Let p = k + -20. What is the units digit of p?
1
Let j be 87/(-2)*4/6. Let i = 20 + j. What is the units digit of (66/(-9))/(6/i)?
1
Let q = 3 + 0. Suppose q*a - 6 = a. Suppose k + a*k - 20 = 0. What is the units digit of k?
5
Let s = -13 - 2. Let p = s + 40. What is the units digit of p?
5
Suppose -2*z = -6*z + 224. Suppose -z = -4*d - 0